 - 3*i**2 + 6*i + 4. Calculate u(3).
-194
Let r(l) = -26*l**2 + 25*l - 70. Give r(3).
-229
Let i(a) = 2*a**3 + 18*a**2 + 9*a - 4. Determine i(-9).
-85
Let w(p) = -p**3 - 57*p**2 + 312*p + 47. Calculate w(-62).
-77
Let x(v) = 29*v + 3440. Calculate x(-122).
-98
Let f(o) = -o**3 + o**2 - o - 181. What is f(0)?
-181
Let z(f) = -33*f + 1233. Calculate z(37).
12
Let l(n) = 241*n - 192. Calculate l(-3).
-915
Let h(a) = 83*a + 6344. Calculate h(-75).
119
Let y(x) = 67*x + 37. Calculate y(-6).
-365
Let o(t) = 464*t + 1352. Calculate o(-3).
-40
Let q(h) = -2*h**2 - 32*h - 196. What is q(-14)?
-140
Let g(b) = 2754*b + 16537. Determine g(-6).
13
Let q(r) = -890*r + 144188. Give q(162).
8
Let u(a) = -12*a - 231. What is u(-19)?
-3
Let f(u) = -53*u**2 - 385*u - 35. Calculate f(-7).
63
Let x(m) = -374*m + 5981. What is x(16)?
-3
Let z(g) = -15*g - 50. What is z(-3)?
-5
Let k(j) = j**2 + 48*j + 182. Give k(-42).
-70
Let v(p) = -2*p**2 + 69*p + 18. What is v(33)?
117
Let l(g) = -3*g**3 + 109*g**2 - 55*g - 50. What is l(36)?
-734
Let i(l) = -7*l + 115. Determine i(8).
59
Let q(z) = 11*z**2 - 209*z - 74. Determine q(19).
-74
Let d(n) = n**3 - 13*n**2 + 10*n + 43. Determine d(11).
-89
Let c(l) = l**3 - 10*l**2 - 38*l + 49. Give c(13).
62
Let f(t) = t**2 - 8*t + 207. Determine f(0).
207
Let u(d) = -3*d - 32. Calculate u(-9).
-5
Let c(n) = n**2 + 14*n - 8. What is c(-14)?
-8
Let k(o) = 13*o - 172. Give k(25).
153
Let o(v) = 7*v + 324. Give o(-48).
-12
Let f(s) = -s**3 - 12*s**2 + 32*s + 36. Calculate f(-14).
-20
Let s(g) = 2*g**3 + 19*g**2 + 3*g + 47. Give s(-10).
-83
Let l(n) = -n**3 - 9*n**2 - 4*n - 5. Determine l(-6).
-89
Let w(v) = -v**3 + 73*v**2 + 145*v + 341. What is w(75)?
-34
Let u(b) = -b**3 - 4*b**2 + 12*b - 12. Determine u(-5).
-47
Let t(u) = -71*u + 3122. Calculate t(44).
-2
Let s(g) = 37*g - 993. Calculate s(27).
6
Let q(n) = -n**2 + 51*n + 433. What is q(-9)?
-107
Let r(g) = 8*g**3 + 29*g**2 - 16. What is r(-4)?
-64
Let d(z) = 2*z**3 - 138*z**2 + 275*z - 414. Determine d(67).
55
Let y(f) = 200*f - 4406. Give y(22).
-6
Let g(c) = -261*c - 506. Determine g(-2).
16
Let a(w) = -w**2 + 5*w + 194. What is a(-10)?
44
Let z(v) = -2*v**3 - 7*v**2 + 5*v + 13. Calculate z(-4).
9
Let j(s) = -s**2 + 50*s - 112. What is j(48)?
-16
Let h(c) = 47*c**2 - 16*c - 66. Give h(-3).
405
Let w(x) = -13*x**3 - 5*x**2 - 10. What is w(3)?
-406
Let w(h) = 2*h**3 + 42*h**2 - 29*h - 35. What is w(-21)?
574
Let i(b) = 5*b - 542. Calculate i(28).
-402
Let w(o) = 4*o**2 + 15*o + 22. What is w(-5)?
47
Let g(y) = -19639*y + 274949. Give g(14).
3
Let b(f) = -4*f**2 - 61*f + 329. Give b(5).
-76
Let i(t) = -29*t - 1311. Calculate i(-45).
-6
Let b(a) = -77*a - 926. Give b(-12).
-2
Let o(r) = -425*r + 6015. Determine o(14).
65
Let t(u) = -35*u**2 - 1575*u + 13. What is t(-45)?
13
Let h(k) = 2*k**3 - 32*k**2 - 4*k + 36. Determine h(16).
-28
Let r(p) = 114*p + 1949. Determine r(-17).
11
Let u(r) = -15*r - 502. Calculate u(-34).
8
Let y(n) = -2*n**2 + 20*n - 36. Calculate y(9).
-18
Let h(f) = 2*f**2 - 2*f - 71. Give h(0).
-71
Let c(h) = -2*h**2 + 57*h + 2375. What is c(52)?
-69
Let f(i) = -i**3 - 25*i**2 + 9*i + 23. Determine f(-25).
-202
Let z(c) = -20*c - 395. Determine z(-20).
5
Let m(w) = -12*w - 536. What is m(-46)?
16
Let f(u) = 39*u**2 + 19*u + 1. Calculate f(-2).
119
Let l(r) = -262*r - 513. Calculate l(-2).
11
Let q(r) = -2*r**3 - 25*r**2 - 2*r + 481. Give q(-10).
1
Let n(y) = 15590*y - 46763. Give n(3).
7
Let k(v) = v**3 - 137*v**2 + 898*v + 84. Determine k(7).
0
Let f(l) = -l**3 - 24*l**2 - 80*l + 21. Calculate f(-20).
21
Let y(a) = -2*a**2 + 191*a - 4560. Calculate y(47).
-1
Let y(o) = -59*o + 191. Give y(4).
-45
Let n(w) = 24*w**3 + 11*w**2 - 36*w + 44. What is n(2)?
208
Let b(t) = 2*t**3 + 10*t**2 - 15*t - 20. What is b(-6)?
-2
Let a(y) = 532*y**2 + 25004*y - 2. What is a(-47)?
-2
Let v(p) = 56*p - 8880. Calculate v(158).
-32
Let h(k) = -k**3 - 11*k**2 - 40*k - 43. Calculate h(-8).
85
Let i(f) = f**2 + 402*f - 15290. What is i(35)?
5
Let b(w) = -22*w + 15. What is b(-2)?
59
Let l(x) = -5863*x - 17597. What is l(-3)?
-8
Let i(u) = u**2 - 23*u - 314. Calculate i(-9).
-26
Let u(z) = -2*z**2 + 1190*z + 18305. Calculate u(-15).
5
Let r(j) = 25*j + 749. Determine r(-33).
-76
Let l(v) = -41*v - 1903. Determine l(-44).
-99
Let v(z) = z**3 + 3*z**2 - 27*z - 72. Calculate v(-10).
-502
Let m(j) = 11*j**2 + 347*j + 86. Calculate m(-31).
-100
Let m(b) = -b**3 - 13*b**2 - 50*b - 60. Determine m(-7).
-4
Let z(u) = 373*u - 32448. Give z(87).
3
Let x(f) = -2*f**3 + 3*f**2 - 11*f - 7. What is x(6)?
-397
Let t(w) = -3*w**3 + 19*w**2 + 31*w + 77. Determine t(8).
5
Let q(i) = -14*i - 683. Give q(-49).
3
Let c(m) = m**3 + 57*m**2 + 23*m + 1349. Calculate c(-57).
38
Let c(y) = 3*y**2 - 62*y + 159. Give c(15).
-96
Let k(j) = -j**2 - 13*j - 106. Calculate k(-13).
-106
Let p(l) = l**2 - 7*l - 865. Determine p(34).
53
Let q(k) = 302*k + 2122. Determine q(-7).
8
Let j(q) = q**2 + 2*q - 18. What is j(8)?
62
Let m(v) = -v**3 + 41*v**2 + 112*v - 1047. What is m(43)?
71
Let o(k) = -270*k - 11338. Calculate o(-42).
2
Let n(t) = -t**2 - 78*t - 1338. What is n(-26)?
14
Let h(g) = g**3 + 206*g**2 + 10595*g + 201. Give h(-99).
3
Let d(q) = q**2 - 1458*q - 11742. What is d(-8)?
-14
Let n(z) = -14*z**3 - 17*z**2 - 39*z - 2. What is n(-2)?
120
Let g(x) = -x**3 + 30*x**2 - 229*x - 29. Calculate g(16).
-109
Let w(r) = -3*r**3 - 173*r**2 + 52*r - 354. Calculate w(-58).
-6
Let a(f) = -f**3 + f**2 - 84. Determine a(-5).
66
Let j(a) = 17*a - 157. Give j(-12).
-361
Let h(l) = -l**3 - 49*l**2 + 51*l + 45. Determine h(-50).
-5
Let f(m) = -2*m**2 + 91*m - 1. What is f(34)?
781
Let k(g) = -2*g**3 - 14*g**2 + 5*g + 43. Give k(-6).
-59
Let p(y) = -450*y - 34640. Calculate p(-77).
10
Let z(i) = i**3 + 47*i**2 + 51*i + 173. Determine z(-46).
-57
Let i(c) = 918*c + 6432. Give i(-7).
6
Let s(f) = -8820*f + 167582. Give s(19).
2
Let h(t) = t**3 + 6*t**2 - 13*t - 93. Give h(-6).
-15
Let q(x) = -2*x**3 - 29*x**2 + 5*x - 141. Calculate q(-15).
9
Let t(y) = y**3 - 17*y**2 + 143*y - 719. Calculate t(10).
11
Let u(a) = -35*a + 285. Calculate u(7).
40
Let c(h) = 13612*h + 54459. Calculate c(-4).
11
Let o(u) = -3*u**2 - 73*u - 361. What is o(-13)?
81
Let c(t) = -14*t**3 - 53*t**2 + 12*t + 10. Calculate c(-4).
10
Let v(n) = n**3 - 16*n**2 + 9*n + 27. Determine v(15).
-63
Let d(b) = -b**2 - 96*b - 1683. What is d(-73)?
-4
Let o(u) = u**3 - 8*u**2 - u - 4. What is o(7)?
-60
Let u(f) = -75*f + 11700. Give u(156).
0
Let v(c) = -c**2 - 31*c - 266. Determine v(-19).
-38
Let w(g) = 2*g**3 - 122*g**2 - 3*g + 196. Calculate w(61).
13
Let n(u) = -14*u - 949. Calculate n(-69).
17
Let k(c) = 12*c**2 + 27*c - 78. Give k(3).
111
Let c(t) = 48*t - 750. Determine c(13).
-126
Let j(v) = v**2 + 68*v - 2322. Calculate j(-93).
3
Let g(m) = -m**2 - 38*m - 352. What is g(-16)?
0
Let q(z) = -4*z**2 - 11*z + 323. Determine q(10).
-187
Let w(h) = -80*h + 9280. Calculate w(116).
0
Let a(d) = -36*d + 133. What is a(6)?
-83
Let q(w) = -w**3 + 10*w**2 + 403*w - 2972. Give q(7).
-4
Let y(g) = -g**2 - 903*g + 11898. Calculate y(13).
-10
Let r(w) = -12*w - 157. Give r(-5).
-97
Let q(n) = -365*n + 1812. What is q(5)?
-13
Let w(u) = u**3 - 19*u**2 + 25*u + 15. Determine w(14).
-615
Let k(s) = -98*s**2 - 41*s - 12. Calculate k(-2).
-322
Let x(g) = -2*g**3 + 7*g**2 + 27*g + 18. Determine x(6).
0
Let g(z) = -32*z + 650. Determine g(21).
-22
Let u(x) = 211*x - 1692. Give u(8).
-4
Let y(f) = -3*f**2 + 32*f + 202. Determine y(15).
7
Let n(l) = 2*l**2 - 6*l - 22. Calculate n(-8).
154
Let y(b) = 38*b + 949. Determine y(-25).
-1
Let b(y) = 4*y**2 - 3*y + 10. What is b(4)?
62
Let m(w) = -24*w**2 + 127*w - 17. What is m(5)?
18
Let s(y) = -10*y**3 - 2*y**2 - 12*y. Calculate s(-3).
288
Let o(a) = 245*a - 874. Determine o(3).
-139
Let o(x) = -30*x + 1756. Calculate o(58).
16
Let z(r) = 191*r - 9943. Give z(52).
-11
Let y(a) = -12*a + 704. Calculate y(59).
-4
Let o(r) = 45*r - 472. Calculate o(10).
-22
Let m(t) = -26*t - 10. Determine m(3).
-88
Let g(u) = -u**3 + 18*u**2 + 17*u + 118. Calculate g(19).
80
Let q(f) = -2*f - 273. Calculate q(-7).
-259
Let f(k) = -k**2 + 15*k + 133. Determine f(23).
-51
Let b(m) = -m**3 - m**2 + 16*m + 18. Calculate b(-4).
2
Let u(j) = 2*j**3 - 10*j**2 + 5*